vative of -n**2/2 - n + 1. Calculate c(z).
6
Suppose -c = 2*t + 2, 4*c = c + 12. Suppose 0 = 5*w - 8 - 12. Let i(h) = -w*h**2 + 2 + 2*h**2 + h**2. Calculate i(t).
-7
Let i = 39 - 31. Let t(l) = -3 - 11 + 3*l + 21 - i. Calculate t(2).
5
Let z(m) = m**2 + 6*m - 5. Let n(h) = h**3 - 5*h**2 + h - 6. Let r(p) = p + 1. Let c(g) = n(g) + 4*r(g). Let o = 0 - -3. Let l be c(o). Give z(l).
-10
Let h be (95/57)/(1/(-3)). Let q = h - -12. Let n(a) = -a**2 + 9*a + 5. Determine n(q).
19
Suppose -3*m + z - 11 = 2*m, -2*z = -2*m - 6. Let i(f) = -9*f + f + 2*f**2 + f**3 + 14*f - 4*f. Calculate i(m).
-4
Let n(g) = 2*g - 157 + 157. Let p(s) = -s - 8. Let r be p(-7). Determine n(r).
-2
Suppose -99 - 69 = 4*f. Let m be (3/(3/8))/(f/21). Let t(b) = b**3 + 4*b**2 - 3*b. Give t(m).
12
Suppose 0*o - 5*j + 7 = -4*o, 4*o + 1 = 3*j. Let h be 3/(-6)*(-16)/o. Let b(q) = -q + 2. Let z(u) = 3*u - 6. Let s(d) = -7*b(d) - 2*z(d). Determine s(h).
2
Let y(i) be the third derivative of 0 + 5/6*i**3 - 1/12*i**5 - 13*i**2 + 1/120*i**6 - 1/24*i**4 + 0*i. Determine y(5).
0
Let q(n) be the second derivative of -n**4/12 + n**2 + 2*n. Suppose -5*j - 104 = 2*d, 4*j - 259 - 34 = 5*d. Let x = 60 + d. Determine q(x).
-7
Let o(l) = 6*l**2 - 3*l - 2. Let a be ((-8)/48*-3)/((-2)/8). What is o(a)?
28
Let a(b) = 20*b - 1. Let w(t) = 7*t - 1. Let n(u) = 4*a(u) - 11*w(u). Give n(-5).
-8
Let w(s) = 4*s + 4. Let h be w(4). Let l = h - 14. Let j(g) = g**3 - 6*g**2 - 2*g + 6. What is j(l)?
-6
Let r(v) = 15 - 36 - 6*v + 22. Give r(1).
-5
Let m be ((-11)/((-121)/(-99)))/(1*-1). Let w(q) = -3*q + 11. Give w(m).
-16
Let q be -4*(6/4 + -2). Let s(r) = -3*r**2 - 7*r - 92. Let f(p) = -2*p**2 - 6*p - 77. Let c(m) = 6*f(m) - 5*s(m). Give c(q).
8
Let m(z) be the third derivative of -z**6/120 + z**5/15 + 2*z**3/3 - 2*z**2. Let l(k) = -126*k + 131. Let v be l(1). Give m(v).
-21
Let s(a) be the third derivative of 0*a - 1/60*a**5 - 10*a**2 + 1/3*a**4 + 0 + 1/2*a**3. What is s(7)?
10
Let f(y) be the first derivative of -y**4/4 - 5*y**3 + y**2/2 + 15*y - 591. Give f(-15).
0
Suppose 3*o = 3*l - 3, -2*o - 2*l + 2 = -0. Suppose -2*v - 5 - 1 = o. Let f be (4 - -2)*3/v. Let p(m) = m**2 + 4*m - 7. Give p(f).
5
Suppose -3*c = 3*w, -2*c = c - 4*w - 35. Suppose -c*d = -10*d - 5. Let f(a) be the first derivative of -a**3 + a**2 + a + 3. Calculate f(d).
-4
Let d be ((-6)/4)/((-2)/4). Let f(k) = -4*k**2 - k**3 + k**3 - k**d. Suppose -x = -3*v - 12, 2*v + x = -3*v - 20. Give f(v).
0
Let g(n) = -2*n**2 - 37*n - 32. Let t(q) = q**2 + 18*q + 15. Let x(v) = 4*g(v) + 9*t(v). Calculate x(-13).
-6
Let b(t) be the second derivative of -2*t**3/3 + 20*t**2 - 247*t. What is b(8)?
8
Let z(t) be the third derivative of t**4/8 - 4*t**3/3 + 42*t**2 - 4*t. Suppose 3*i + 2*s + 3 = 21, 3*s + 12 = 2*i. Calculate z(i).
10
Let a(m) be the second derivative of 4*m**3/3 + m**2 - 58*m. Give a(-1).
-6
Let v(f) = -1 + 1506*f - 11*f**2 - 1497*f + f**3 + 14. Give v(10).
3
Let x(u) = u. Let l(b) = b**2 - 3*b - 2. Let j(t) = l(t) + 4*x(t). Suppose 197*n + 740 - 149 = 0. Determine j(n).
4
Let m(z) = z + 5. Let a(i) = -3*i - 5. Let y(g) = -a(g) - 5*m(g). Determine y(-6).
-8
Let q(y) = -700*y**2 - 2*y + 362*y**2 + 3 + 342*y**2. Give q(1).
5
Let y(k) = -4*k**2 - 4*k + 3. Let c(d) = d**2 + d + 3. Let r be c(0). Let g(m) = -9*m**2 - 7*m + 7. Let b = 11 + -18. Let t(h) = b*y(h) + r*g(h). Give t(-5).
-10
Let z = -2 - -8. Let l(p) be the third derivative of -p**5/120 + 7*p**4/24 - 8*p**3/3 - 18*p**2. Let d(v) be the first derivative of l(v). Calculate d(z).
1
Let t be (20/(-4)*10)/2. Let z = -22 - t. Let o(b) = -6*b + 2*b**3 - 2*b**3 - 4 + b**z + 2 - 5*b**2. Give o(6).
-2
Let q(l) = -l. Let x = -63 - -35. Let s be (x/(-35))/(2/15). What is q(s)?
-6
Let d(p) = -5 + p**2 + 7*p + 17 - 9. Let t be d(-5). Let u(s) = -s**3 - 7*s**2 + s - 3. What is u(t)?
-10
Let s = -228 - -236. Let z(a) = -a**2 + 9*a - 8. Determine z(s).
0
Let r(f) = f - 2. Let g be r(3). Suppose -k = -x + 3*x + g, -k - x = -1. Let m(d) = d**2 - 2*d - 3. Calculate m(k).
0
Suppose 11*r = 8*r. Suppose r = 3*l - 4*k - 2, -4*l = -7*l + 3*k + 6. Let y(f) be the third derivative of f**4/12 + 2*f**2. Determine y(l).
12
Let m be ((-4)/10)/(1/(-10)). Suppose 4*c + m = -16. Let y(s) = -22*s + 10*s - 11 + 10 + 6*s - s**2 - 4. What is y(c)?
0
Let t be 1954/30 - (-122)/(-915). Suppose -6*z + 295 = -z. Let l(i) = z - i + 2*i**2 - t + i**3 - 4*i**2 - 2*i**2. Determine l(5).
14
Let o(p) = -14*p + 4. Let m(l) = -12*l + 4. Let r(c) = 6*m(c) - 5*o(c). What is r(4)?
-4
Let y(q) = q - 1 + q + 3. Suppose 140 = 149*l - 169*l. What is y(l)?
-12
Suppose -19*f + 10 = -14*f. Let c(b) = -b**3 + 0*b - 7*b + 251*b**2 + 5 - 245*b**f + 0*b. Give c(5).
-5
Let h be -1 + 1 - (9 - 136/8). Let o(z) = z**2 - 6*z - 10. What is o(h)?
6
Let m(u) = u**2 + 4*u + 9 - 17 + u. Suppose -6*g + 27 = 69. Calculate m(g).
6
Let g(b) = 5*b - 6. Let h(i) = 3*i - 4. Let y(k) = 5*g(k) - 8*h(k). Let l be 200/(-35) + 4/(-14). Determine y(l).
-4
Suppose -2*p = 2*p - 20. Suppose p*s - 5*u - 20 = -3*u, -u = 5. Suppose -s*o - 2 = -o. Let w(h) = 4*h + 1. Determine w(o).
-7
Let t(m) = -16 + 2*m + 14 - m + 5. Let p(u) = -u**3 + 8*u**2 - 14*u + 6. Let y be p(6). What is t(y)?
-3
Let d(z) = -3*z**2 - 4*z + 3. Let x(m) = -5*m**2 - 6*m + 6. Let c(a) = 8*d(a) - 5*x(a). Determine c(0).
-6
Let b = 9 - 5. Suppose -b*x - 7 + 19 = 0. Let m(o) = 0*o - 6 + x*o**2 + 1 + 3*o - 2*o**2. Give m(-5).
5
Suppose 21*t = 40 + 233. Let o(c) = -c**3 + 12*c**2 + 14*c - 4. What is o(t)?
9
Let x(z) be the first derivative of 9/2*z**2 + 2 + 5*z - 1/3*z**3. Calculate x(8).
13
Let f be ((-3 - -2) + 1)/1. Let u(g) = 13*g**3 - 6*g**3 + 1 - g - 4*g**2 + f - 6*g**3. Determine u(3).
-11
Let o(x) = 6*x + 3. Let k = -22 + 26. Let v be (-3)/9 - 17/3. Let s = v + k. Determine o(s).
-9
Let m(n) = -4*n**3 - 12*n**2 - 33*n - 10. Let r(u) = 7*u**3 + 23*u**2 + 58*u + 20. Let j(a) = -5*m(a) - 3*r(a). Let f = 0 - 8. Determine j(f).
-2
Let v(u) = -u**2 + 17*u - 18. Let q(j) = j**2 - 2*j - 20. Let x be q(-5). Give v(x).
12
Let f be 12/5 + 18/30. Suppose 13 = f*k - l, -5*k - 5*l + 4 = -11. Let i(n) = -k*n**2 + 3*n**2 + 2 + 2*n**2 - 5. Determine i(3).
6
Let c(r) = -r**3 + 10*r**2 + 10*r + 4. Let m be c(11). Let o = m + 7. Suppose -7 = j - 4*k, o = -4*j + 2*j - k - 14. Let a(b) = b + 12. Determine a(j).
5
Let m(q) be the third derivative of q**5/60 - q**4/8 - 5*q**2. Suppose 0 = -8*g + 15 + 9. Give m(g).
0
Let o(x) = -x + 10. Suppose -15*p + 0 + 75 = 0. Determine o(p).
5
Let u(i) = -29*i**2 - 85*i + 5. Let v be u(-3). Let a(t) be the second derivative of t**3/2 + t**2/2 - t. Calculate a(v).
-2
Let o(d) = -d - 6. Let l be o(-5). Let t(m) = 10*m - 14*m - 3*m - 7*m. Give t(l).
14
Let d be (-11 + 12)*(-6 - 0). Let x(f) be the first derivative of -f**2/2 - 5*f + 3. Give x(d).
1
Let k(i) be the second derivative of -i**5/20 + i**4/4 + 7*i**3/6 - i**2 - 48*i. Give k(5).
-17
Let j(u) = 14*u**2 - 21*u + 15. Let t(a) be the first derivative of 5*a**3/3 - 7*a**2/2 + 5*a - 2. Let n = 84 + -73. Let p(w) = n*t(w) - 4*j(w). Calculate p(5).
5
Let d(z) be the second derivative of -z**6/120 + z**5/12 + z**4/3 + z**3/6 + 19*z**2/2 + 24*z. Let v(i) be the first derivative of d(i). Give v(6).
13
Let q(o) = -33*o - 35*o - o**2 + 102*o + 4 - 32*o. Give q(0).
4
Let y(z) be the second derivative of 2*z**3/3 - z**2 - 3*z. Suppose -3*b + c - 13 = 0, 0 = 4*b - c + 4*c + 39. Let u = b - -4. Determine y(u).
-10
Suppose -27*k = 81*k - 162*k. Let x(r) = r**3 + r**2 - 1. Let p(m) = -m**3 - 3*m**2 - m + 13. Let f(q) = p(q) + 2*x(q). What is f(k)?
11
Let y = -2346 + 2327. Let t(h) = -4*h - 77. What is t(y)?
-1
Let t(r) be the second derivative of -r**5/20 + r**4/6 + 2*r**3/3 + 3*r**2 + 240*r. Calculate t(4).
-10
Let i(f) = f**3 + 7*f**2 - f - 7. Let k be i(-7). Let w(d) be the second derivative of d**4/12 - d**3/6 - d**2 - 148*d. Calculate w(k).
-2
Let j(q) be the third derivative of q**4/8 + 17*q**3/6 - 612*q**2. Calculate j(-7).
-4
Suppose 364 = 5*p - 11. Let a(l) = p*l - 157*l + 7*l**2 + 81*l. Calculate a(-1).
8
Let x be (4/(-3))/(-4)*-3. Let l(r) = 28 + r - 54 - 5*r + 26. Give l(x).
4
Let p be -1*(0 + -7 + 2). Let v(d) be the third derivative of -d**6/120 + d**5/15 + d**4/24 + d**3/2 - 5*d**2 + 8*d. Determine v(p).
-17
Let h = -6 + 13. Let j be